
{"id":100,"date":"2025-10-02T07:30:07","date_gmt":"2025-10-02T07:30:07","guid":{"rendered":"https:\/\/spdobrzyjalowo.gminapiatnica.pl\/?page_id=100"},"modified":"2025-10-02T07:30:07","modified_gmt":"2025-10-02T07:30:07","slug":"deklaracja-dostepnosci","status":"publish","type":"page","link":"https:\/\/spdobrzyjalowo.gminapiatnica.pl\/index.php\/deklaracja-dostepnosci\/","title":{"rendered":"Deklaracja Dost\u0119pno\u015bci"},"content":{"rendered":"\n<p>spdobrzyjalowo.gminapiatnica.pl\u00a0zobowi\u0105zuje si\u0119 do zapewnienia cyfrowej dost\u0119pno\u015bci dla wszystkich u\u017cytkownik\u00f3w, niezale\u017cnie od ich mo\u017cliwo\u015bci. Oferujemy r\u00f3\u017cnorodne narz\u0119dzia i funkcje dost\u0119pno\u015bci poprzez nasz firmowy pasek narz\u0119dzi dost\u0119pno\u015bci, aby zapewni\u0107 inkluzywne i bezproblemowe do\u015bwiadczenie.<\/p>\n\n\n\n<h2 class=\"wp-block-heading\">Funkcje<\/h2>\n\n\n\n<p><strong>Czytnik ekranu<\/strong>:Pomaga u\u017cytkownikom z wadami wzroku, czytaj\u0105c na g\u0142os tre\u015b\u0107 strony.<\/p>\n\n\n\n<p><strong>Nawigacja klawiatur\u0105<\/strong>:Umo\u017cliwia u\u017cytkownikom poruszanie si\u0119 po stronie za pomoc\u0105 samej klawiatury.<\/p>\n\n\n\n<p><strong>Nawigacja g\u0142osowa<\/strong>:Pozwala u\u017cytkownikom kontrolowa\u0107 stron\u0119 za pomoc\u0105 polece\u0144 g\u0142osowych.<\/p>\n\n\n\n<p><strong>Czytnik tekstu<\/strong>:Zapewnia \u0142atwy spos\u00f3b odczytywania tekstu na g\u0142os.<\/p>\n\n\n\n<p><strong>Opcje kontrastu<\/strong>:Prze\u0142\u0105czaj mi\u0119dzy ciemnym a jasnym kontrastem, aby dopasowa\u0107 do preferencji wizualnych.<\/p>\n\n\n\n<p><strong>Ustawienia nasycenia<\/strong>:Dostosuj mi\u0119dzy wysokim a niskim nasyceniem lub prze\u0142\u0105cz na tryb monochromatyczny dla prostoty wizualnej.<\/p>\n\n\n\n<p><strong>Dostosowanie tre\u015bci<\/strong>:Modyfikuj rozmiar tekstu, odst\u0119py tekstu, odst\u0119py wysoko\u015bci i odst\u0119py mi\u0119dzy literami dla lepszej czytelno\u015bci.<\/p>\n\n\n\n<p><strong>Pozycjonowanie tekstu<\/strong>:Wyr\u00f3wnaj tekst do lewej, prawej lub \u015brodka dla wygody.<\/p>\n\n\n\n<p><strong>Pod\u015bwietlanie link\u00f3w i tytu\u0142\u00f3w<\/strong>:Wyr\u00f3\u017cnij linki i tytu\u0142y, aby \u0142atwo zlokalizowa\u0107 kluczowe informacje.<\/p>\n\n\n\n<p><strong>Czytelne czcionki<\/strong>:Aktywuj bardziej czytelne czcionki dla lepszej przejrzysto\u015bci.<\/p>\n\n\n\n<p><strong>Du\u017cy kursor<\/strong>:Powi\u0119ksz kursor, aby poprawi\u0107 widoczno\u015b\u0107.<\/p>\n\n\n\n<p><strong>Zatrzymanie animacji<\/strong>:Wstrzymaj wszelkie animacje, aby zmniejszy\u0107 rozproszenie uwagi.<\/p>\n\n\n\n<p><strong>Pomoc w czytaniu<\/strong>:U\u017cyj maski do czytania lub przewodnika czytania, aby pom\u00f3c w skupieniu si\u0119 na konkretnych sekcjach tekstu.<\/p>\n\n\n\n<p><strong>Struktura strony<\/strong>:\u0141atwo nawiguj po strukturze strony.<\/p>\n\n\n\n<p><strong>S\u0142ownik<\/strong>:Uzyskaj definicje trudnych s\u0142\u00f3w bezpo\u015brednio na stronie.<\/p>\n\n\n\n<p><strong>Ukryj obrazy<\/strong>:Ukryj obrazy, aby skupi\u0107 si\u0119 na tre\u015bci tekstowej.<\/p>\n\n\n\n<p><strong>Podpowiedzi<\/strong>:Aktywuj podpowiedzi dla dodatkowych wyja\u015bnie\u0144 element\u00f3w.<\/p>\n\n\n\n<h2 class=\"wp-block-heading\">Wsparcie dla technologii wspomagaj\u0105cych<\/h2>\n\n\n\n<p>Ta strona internetowa jest kompatybilna z szerokim zakresem technologii wspomagaj\u0105cych, w tym czytnik\u00f3w ekranu, oprogramowania do rozpoznawania mowy i innych urz\u0105dze\u0144 zaprojektowanych, aby pom\u00f3c u\u017cytkownikom w nawigacji po tre\u015bciach cyfrowych. Jeste\u015bmy zobowi\u0105zani do zapewnienia, \u017ce nasza strona internetowa dzia\u0142a efektywnie z tymi narz\u0119dziami.<\/p>\n\n\n\n<h2 class=\"wp-block-heading\">Skontaktuj si\u0119 z nami w sprawie wsparcia dost\u0119pno\u015bci<\/h2>\n\n\n\n<p>Je\u015bli do\u015bwiadczasz jakichkolwiek trudno\u015bci w dost\u0119pie do tre\u015bci lub potrzebujesz pomocy, mo\u017cesz zg\u0142osi\u0107 problem bezpo\u015brednio poprzez sekcj\u0119 'Zg\u0142o\u015b problem\u2019 na tej stronie internetowej. Jeste\u015bmy zaanga\u017cowani w rozwi\u0105zywanie wszelkich problem\u00f3w zwi\u0105zanych z dost\u0119pno\u015bci\u0105 i ci\u0105g\u0142e poprawianie dost\u0119pno\u015bci naszej strony internetowej.<\/p>\n\n\n\n<h2 class=\"wp-block-heading\">Zastrze\u017cenie<\/h2>\n\n\n\n<p>Cho\u0107 staramy si\u0119 zapewni\u0107, aby strona internetowa by\u0142a w pe\u0142ni dost\u0119pna i zgodna z najnowszymi standardami dost\u0119pno\u015bci, niekt\u00f3re tre\u015bci od stron trzecich lub linki zewn\u0119trzne mog\u0105 nie w pe\u0142ni spe\u0142nia\u0107 wytycznych dost\u0119pno\u015bci. Nieustannie pracujemy nad popraw\u0105 dost\u0119pno\u015bci tej strony internetowej i z ch\u0119ci\u0105 przyjmujemy opinie na temat wszelkich napotkanych problem\u00f3w.<\/p>\n","protected":false},"excerpt":{"rendered":"<p>spdobrzyjalowo.gminapiatnica.pl\u00a0zobowi\u0105zuje si\u0119 do zapewnienia cyfrowej dost\u0119pno\u015bci dla wszystkich u\u017cytkownik\u00f3w, niezale\u017cnie od ich mo\u017cliwo\u015bci. Oferujemy r\u00f3\u017cnorodne narz\u0119dzia i funkcje dost\u0119pno\u015bci poprzez nasz firmowy pasek narz\u0119dzi dost\u0119pno\u015bci, aby zapewni\u0107 inkluzywne i bezproblemowe do\u015bwiadczenie. Funkcje Czytnik ekranu:Pomaga u\u017cytkownikom z wadami wzroku, czytaj\u0105c na g\u0142os tre\u015b\u0107 strony. Nawigacja klawiatur\u0105:Umo\u017cliwia u\u017cytkownikom poruszanie si\u0119 po stronie za pomoc\u0105 samej klawiatury. Nawigacja [&hellip;]<\/p>\n","protected":false},"author":1,"featured_media":0,"parent":0,"menu_order":0,"comment_status":"closed","ping_status":"closed","template":"","meta":{"footnotes":""},"class_list":["post-100","page","type-page","status-publish","hentry"],"_links":{"self":[{"href":"https:\/\/spdobrzyjalowo.gminapiatnica.pl\/index.php\/wp-json\/wp\/v2\/pages\/100","targetHints":{"allow":["GET"]}}],"collection":[{"href":"https:\/\/spdobrzyjalowo.gminapiatnica.pl\/index.php\/wp-json\/wp\/v2\/pages"}],"about":[{"href":"https:\/\/spdobrzyjalowo.gminapiatnica.pl\/index.php\/wp-json\/wp\/v2\/types\/page"}],"author":[{"embeddable":true,"href":"https:\/\/spdobrzyjalowo.gminapiatnica.pl\/index.php\/wp-json\/wp\/v2\/users\/1"}],"replies":[{"embeddable":true,"href":"https:\/\/spdobrzyjalowo.gminapiatnica.pl\/index.php\/wp-json\/wp\/v2\/comments?post=100"}],"version-history":[{"count":1,"href":"https:\/\/spdobrzyjalowo.gminapiatnica.pl\/index.php\/wp-json\/wp\/v2\/pages\/100\/revisions"}],"predecessor-version":[{"id":101,"href":"https:\/\/spdobrzyjalowo.gminapiatnica.pl\/index.php\/wp-json\/wp\/v2\/pages\/100\/revisions\/101"}],"wp:attachment":[{"href":"https:\/\/spdobrzyjalowo.gminapiatnica.pl\/index.php\/wp-json\/wp\/v2\/media?parent=100"}],"curies":[{"name":"wp","href":"https:\/\/api.w.org\/{rel}","templated":true}]}}